{"id":38,"date":"2016-07-18T09:04:51","date_gmt":"2016-07-18T09:04:51","guid":{"rendered":"http:\/\/sw-themes.com\/porto_dummy\/?page_id=38"},"modified":"2017-12-08T10:41:08","modified_gmt":"2017-12-08T10:41:08","slug":"abogados","status":"publish","type":"page","link":"https:\/\/www.alvegest.com\/web\/servicios\/abogados\/","title":{"rendered":"Abogados"},"content":{"rendered":"<p>[vc_row][vc_column][vc_custom_heading text=\u00bbAbogados\u00bb use_theme_fonts=\u00bbyes\u00bb][vc_column_text el_class=\u00bblead\u00bb]<\/p>\n<p style=\"line-height: 26px; font-size: 16px;\"><strong>En ALVEGEST<\/strong> un grupo de profesionales titulados en Derecho y Administradores de Fincas, aportar\u00e1n las soluciones necesarias para aquellas cuestiones jur\u00eddicas que surjan en el d\u00eda a d\u00eda de su Comunidad de propietarios, as\u00ed como en las relaciones con el personal laboral o empresas de servicios contratadas.<\/p>\n<p style=\"line-height: 26px; font-size: 16px;\"><strong>Adem\u00e1s, ALVEGEST ABOGADOS<\/strong> ofrece tanto a sus administrados como a terceros, la posibilidad de contratar la resoluci\u00f3n de cuestiones jur\u00eddicas de tipo mercantil, inmobiliarias y urban\u00edsticas, as\u00ed como defectos de construcci\u00f3n, vicios ocultos, Responsabilidad Civil y Litigios entre particulares.<\/p>\n<p style=\"line-height: 26px; font-size: 16px;\">Si su comunidad es administrada por nosotros, <strong>nos encargamos del proceso monitorio de su comunidad sin cobro adicional de honorarios de abogado<\/strong>. Si no es administrada por nosotros, <a style=\"color: #00b5e1; text-decoration: none;\" href=\"https:\/\/alvegest.com\/web\/peticion-de-consulta-o-informe-a-abogado\/\">solicit\u00e1ndonos presupuesto sin compromiso:<\/a>.<br \/>\nLa morosidad en las comunidades de propietarios, en el momento actual, requiere en la mayor\u00eda de los casos el inicio de DEMANDA JUDICIAL (proceso monitorio y en su caso proceso ordinario) PARA CONSEGUIR EL COBRO de los recibos pendientes. Se trata de una actividad donde la comunidad pone en juego tanto su credibilidad como su liquidez, por lo que en Alvegest Abogados dirigimos el proceso desde los primeros tr\u00e1mites administrativos, consiguiendo de esta forma asegurar la sentencia judicial favorable para la comunidad.<\/p>\n<p style=\"line-height: 26px; font-size: 16px;\">Puede acudir a ALVEGEST ABOGADOS, para ayudarle a resolver OTRAS cuestiones que pueden surgir en las Comunidades tales como:<\/p>\n<ul style=\"font-size: 16px; margin-bottom: 20px;\">\n<li>Reclamaci\u00f3n de da\u00f1os privativos entre propietarios.<\/li>\n<li>Reclamaci\u00f3n de Responsabilidad Civil con edificios colindantes.<\/li>\n<li>Demandas a locales comerciales por incumplimiento de normativas (humos, ruidos, seguridad, etc.)<\/li>\n<li>Ejecuci\u00f3n de construcciones y cerramientos en viviendas sin autorizaci\u00f3n.<\/li>\n<li>Resoluci\u00f3n de problemas en accesos por servidumbres y medianeras<\/li>\n<li>Asesoramiento para la instalaci\u00f3n de Ascensor y medios que faciliten la accesibilidad a edificios<\/li>\n<\/ul>\n<p style=\"line-height: 26px; font-size: 16px;\"><strong>NUEVO SERVICIO DISPONIBLE A TRAV\u00c9S DE LA WEB:<\/strong><\/p>\n<p style=\"line-height: 26px; font-size: 16px;\">Contacte con nosotros para resolver las cuestiones jur\u00eddicas que le surjan, sobre las materias de PROPIEDAD HORIZONTAL y Arrendamientos Urbanos, <a style=\"color: #00b5e1; text-decoration: none;\" href=\"https:\/\/alvegest.com\/web\/peticion-de-consulta-o-informe-a-abogado\/\">solicit\u00e1ndonos presupuesto sin compromiso:<\/a><\/p>\n<p style=\"line-height: 26px; font-size: 16px;\"><strong>A) &#8211; CONSULTA JURIDICA<\/strong> donde nuestro equipo le responder\u00e1, asesor\u00e1ndole y orient\u00e1ndole pero sin fundamentaci\u00f3n jur\u00eddica, o sea sin aportar datos legales, jurisprudencia o cualquier otro razonamiento jur\u00eddico. Este servicio es gratuito para clientes administrados entrando desde el \u00e1rea de clientes a la pesta\u00f1a de \u201cConsulta con abogado\u201d.<\/p>\n<p style=\"line-height: 26px; font-size: 16px;\"><strong>B) -INFORME JURIDICO RAZONADO<\/strong> donde se le emitir\u00e1 un informe detallado sobre los datos de su consulta, especificando legislaci\u00f3n y sus art\u00edculos aplicables, as\u00ed como el detalle de la jurisprudencia, que sea de aplicaci\u00f3n para la resoluci\u00f3n de su consulta<\/p>\n<p>[\/vc_column_text][\/vc_column][\/vc_row]<\/p>\n","protected":false},"excerpt":{"rendered":"<p>[vc_row][vc_column][vc_custom_heading text=\u00bbAbogados\u00bb use_theme_fonts=\u00bbyes\u00bb][vc_column_text el_class=\u00bblead\u00bb] En ALVEGEST un grupo de profesionales titulados en Derecho y Administradores de Fincas, aportar\u00e1n las soluciones necesarias para aquellas cuestiones jur\u00eddicas que surjan en el d\u00eda a d\u00eda de su Comunidad de propietarios, as\u00ed como en las relaciones con el personal laboral o empresas de servicios contratadas. Adem\u00e1s, ALVEGEST ABOGADOS ofrece [&hellip;]<\/p>\n","protected":false},"author":1,"featured_media":0,"parent":36,"menu_order":0,"comment_status":"closed","ping_status":"closed","template":"","meta":{"footnotes":""},"_links":{"self":[{"href":"https:\/\/www.alvegest.com\/web\/wp-json\/wp\/v2\/pages\/38"}],"collection":[{"href":"https:\/\/www.alvegest.com\/web\/wp-json\/wp\/v2\/pages"}],"about":[{"href":"https:\/\/www.alvegest.com\/web\/wp-json\/wp\/v2\/types\/page"}],"author":[{"embeddable":true,"href":"https:\/\/www.alvegest.com\/web\/wp-json\/wp\/v2\/users\/1"}],"replies":[{"embeddable":true,"href":"https:\/\/www.alvegest.com\/web\/wp-json\/wp\/v2\/comments?post=38"}],"version-history":[{"count":23,"href":"https:\/\/www.alvegest.com\/web\/wp-json\/wp\/v2\/pages\/38\/revisions"}],"predecessor-version":[{"id":1056,"href":"https:\/\/www.alvegest.com\/web\/wp-json\/wp\/v2\/pages\/38\/revisions\/1056"}],"up":[{"embeddable":true,"href":"https:\/\/www.alvegest.com\/web\/wp-json\/wp\/v2\/pages\/36"}],"wp:attachment":[{"href":"https:\/\/www.alvegest.com\/web\/wp-json\/wp\/v2\/media?parent=38"}],"curies":[{"name":"wp","href":"https:\/\/api.w.org\/{rel}","templated":true}]}}